he greatest common factor of 14512 and 144?
16
What is the highest common factor of 169 and 234?
13
What is the highest common factor of 256 and 4480?
128
What is the greatest common factor of 9 and 1251?
9
What is the highest common factor of 133 and 551?
19
Calculate the greatest common factor of 5690 and 15.
5
Calculate the greatest common divisor of 160 and 520.
40
Calculate the greatest common factor of 276 and 3.
3
What is the highest common factor of 78 and 18?
6
Calculate the greatest common divisor of 1162 and 7.
7
What is the highest common factor of 144 and 32?
16
What is the highest common factor of 4152 and 24?
24
Calculate the highest common divisor of 408 and 16014.
102
Calculate the highest common factor of 169 and 65.
13
What is the highest common factor of 324 and 56052?
324
What is the highest common factor of 5 and 755?
5
What is the highest common factor of 84 and 532?
28
Calculate the greatest common divisor of 43 and 344.
43
What is the highest common factor of 624 and 12?
12
What is the greatest common divisor of 762 and 6?
6
Calculate the highest common divisor of 34 and 9962.
34
What is the greatest common divisor of 2125 and 10?
5
Calculate the greatest common divisor of 198 and 22.
22
What is the greatest common factor of 50 and 10810?
10
What is the highest common divisor of 126 and 24?
6
What is the highest common factor of 30 and 825?
15
What is the highest common factor of 612 and 272?
68
What is the highest common divisor of 125 and 15?
5
Calculate the greatest common divisor of 117 and 45.
9
What is the greatest common divisor of 198 and 252?
18
Calculate the highest common divisor of 486 and 96.
6
What is the greatest common divisor of 314 and 785?
157
Calculate the highest common factor of 72 and 225.
9
Calculate the highest common factor of 182 and 42.
14
Calculate the greatest common factor of 110 and 66.
22
What is the greatest common factor of 552 and 69?
69
What is the greatest common factor of 10 and 155?
5
Calculate the highest common divisor of 30 and 90.
30
Calculate the greatest common factor of 7256 and 4.
4
What is the highest common divisor of 624 and 3?
3
What is the greatest common divisor of 380 and 20?
20
What is the greatest common factor of 6 and 1046?
2
Calculate the greatest common divisor of 300 and 180.
60
Calculate the highest common divisor of 33 and 44.
11
What is the highest common divisor of 108 and 144?
36
What is the greatest common factor of 109607 and 43?
43
What is the greatest common factor of 130 and 455?
65
Calculate the greatest common factor of 416 and 6916.
52
Calculate the greatest common divisor of 12 and 36.
12
Calculate the greatest common divisor of 60 and 16.
4
Calculate the greatest common divisor of 899 and 58.
29
Calculate the highest common factor of 2160 and 2400.
240
Calculate the greatest common factor of 18 and 18.
18
Calculate the highest common factor of 64 and 92096.
64
What is the greatest common divisor of 2464 and 77?
77
What is the highest common factor of 28900 and 100?
100
What is the greatest common factor of 42 and 19502?
14
Calculate the greatest common divisor of 66 and 550.
22
What is the greatest common divisor of 88 and 506?
22
What is the greatest common factor of 1460 and 100?
20
Calculate the highest common factor of 475 and 703.
19
Calculate the highest common factor of 1584 and 27.
9
What is the highest common factor of 5018 and 78?
26
Calculate the highest common divisor of 140 and 380.
20
Calculate the highest common factor of 34 and 17.
17
Calculate the greatest common factor of 38514 and 126.
42
What is the highest common divisor of 310 and 124?
62
Calculate the greatest common factor of 75 and 6.
3
Calculate the greatest common divisor of 6314 and 35.
7
Calculate the highest common factor of 128 and 24.
8
What is the greatest common divisor of 35 and 6055?
35
What is the greatest common factor of 679 and 70?
7
Calculate the highest common factor of 1036 and 8.
4
Calculate the greatest common divisor of 546 and 52.
26
What is the greatest common divisor of 40 and 1280?
40
What is the greatest common factor of 60 and 2910?
30
What is the greatest common divisor of 1200 and 912?
48
What is the greatest common divisor of 5566 and 598?
46
Calculate the greatest common factor of 27 and 9369.
27
What is the greatest common divisor of 14490 and 15?
15
What is the highest common divisor of 111 and 3?
3
What is the highest common divisor of 50 and 1250?
50
Calculate the highest common divisor of 75 and 2100.
75
What is the highest common factor of 7758 and 144?
18
What is the greatest common factor of 11 and 803?
11
Calculate the highest common factor of 160 and 2320.
80
Calculate the highest common divisor of 11 and 5.
1
What is the greatest common divisor of 48 and 8868?
12
What is the greatest common factor of 22 and 2398?
22
Calculate the greatest common divisor of 52 and 221.
13
Calculate the greatest common divisor of 1128 and 24.
24
What is the highest common factor of 1320 and 231?
33
What is the highest common factor of 57 and 96?
3
Calculate the greatest common factor of 128 and 208.
16
What is the greatest common divisor of 2759 and 279?
31
What is the highest common factor of 60 and 330?
30
Calculate the greatest common factor of 1363 and 141.
47
What is the highest common divisor of 2751 and 42?
21
What is the highest common factor of 246 and 7954?
82
What is the highest common factor of 125 and 5?
5
What is the greatest common factor of 15 and 13605?
15
Calculate the greatest common divisor of 91 and 357.
7
What is the greatest common divisor of 3456 and 64?
64
What is the highest common factor of 3927 and 2261?
119
Calculate the greatest common divisor of 4365 and 3.
3
Calculate the greatest common factor of 52 and 169.
13
What is the greatest common divisor of 144 and 936?
72
What is the greatest common factor of 11 and 506?
11
Calculate the highest common factor of 707 and 49.
7
What is the greatest common factor of 95 and 2375?
95
What is the greatest common divisor of 138 and 299?
23
What is the highest common divisor of 6 and 174?
6
What is the highest common factor of 22 and 110?
22
Calculate the greatest common factor of 745 and 40.
5
Calculate the highest common divisor of 252 and 700.
28
What is the highest common divisor of 30 and 33?
3
What is the highest common divisor of 5151 and 9?
3
Calculate the greatest common factor of 1122 and 51.
51
What is the highest common divisor of 22117 and 34?
17
Calculate the highest common divisor of 105 and 5607.
21
Calculate the greatest common factor of 26 and 182.
26
What is the highest common divisor of 122 and 1037?
61
What is the highest common factor of 4432 and 64?
16
Calculate the highest common divisor of 1611 and 716.
179
Calculate the highest common divisor of 26 and 221.
13
What is the highest common divisor of 1100 and 225?
25
Calculate the highest common divisor of 25 and 45.
5
What is the highest common factor of 234 and 1053?
117
Calculate the highest common factor of 1276 and 44.
44
Calculate the greatest common divisor of 376 and 24.
8
What is the greatest common divisor of 39 and 559?
13
What is the greatest common divisor of 3478 and 74?
74
Calculate the greatest common divisor of 2573 and 62.
31
Calculate the greatest common divisor of 12 and 10524.
12
Calculate the greatest common factor of 1827 and 2349.
261
Calculate the highest common factor of 520 and 24.
8
What is the highest common divisor of 6 and 3174?
6
What is the greatest common divisor of 208 and 6500?
52
Calculate the highest common divisor of 1479 and 51.
51
What is the highest common divisor of 217 and 1488?
31
Calculate the greatest common factor of 57110 and 10.
10
What is the greatest common factor of 17813 and 47?
47
Calculate the greatest common divisor of 12955 and 10.
5
What is the highest common factor of 10 and 21380?
10
What is the greatest common factor of 2254 and 252?
14
What is the highest common divisor of 117 and 171?
9
What is the highest common divisor of 72 and 1251?
9
Calculate the greatest common factor of 2176 and 96.
32
What is the highest common divisor of 501 and 9?
3
Calculate the highest common factor of 606 and 6.
6
What is the highest common factor of 200 and